 -1.
77
Evaluate 8 - (7 - ((23 - 26) + 11)).
9
58 + -1 - (146 + -81)
-8
-1 + -53 + -10 + -19 + 23 - -7 - -3
-50
Calculate -33 - ((201 - 184) + (-13 + 2 - -1)) - 8.
-48
What is the value of -12 + 1 - (-35 - (7 - (-21 + 19)))?
33
What is the value of (99 - 27) + -47 + 2?
27
Evaluate 8 + 17 - (-16 - 65).
106
Calculate (11 + -2 - 21) + 84 + -28.
44
What is -2 - (-70 - (1 + -7 + -5))?
57
Calculate -35 - (32 - (56 - 3)).
-14
What is (21 - (22 - (-16 + 7))) + -21 + (2 - 0)?
-29
What is the value of 1 - 2 - (-2 - 8) - (-41 - (-13 + 36))?
73
-137 + (-44 - -5 - -228)
52
What is (14 - 8) + 4 + 60 + -6 - 0?
64
Evaluate -1 + 75 + (6 - -14) + -38 + -1 + 15.
70
What is -21 - (6 + (-7 - -4)) - (-2 + -2)?
-20
What is (-8 + -1 + -2 - 29) + 1 + -3?
-42
Calculate -37 + 40 - (-1 + -4 + 4) - 18.
-14
52 - (-128 + 118 - -119)
-57
Calculate -19 + -1 + (-2 - 2 - -18).
-6
Evaluate -108 + -48 + 143 - (-60 + 0).
47
What is -38 - (20 - (-28 - -47))?
-39
Evaluate -145 + 219 + -132 - (3 + -1).
-60
What is the value of (181 - 89) + -113 + 17?
-4
Calculate 2 - 1 - -9 - ((103 - 45) + -75).
27
Evaluate -12 - (-4 - -6) - (-2 + (52 - 64)).
0
Evaluate 1 + (169 - 158) + (-38 - 0).
-26
-16 + (0 - (4 + -2) - (-4 + 2)) + 11
-5
What is the value of -5 + (79 - 14) + -39?
21
What is the value of 383 + -409 + (0 - -41)?
15
Calculate 53 - (74 + -26 - 16).
21
Calculate 63 + -142 + 67 + 50.
38
(-73 - (-24 + -28)) + 13 + 2 + 0
-6
Calculate (0 + -10 - 2) + 226 + -248.
-34
Calculate 6 + (12 + -14 + -9 - -2) + 35.
32
-206 + 186 + 8 - (2 - (1 - -1) - -77)
-89
What is (2 - -3 - (1 + -8)) + -145 + 138?
5
(-92 - -119) + 4 - (-4 - -58)
-23
103 + 9 + -171 + 0 + 30
-29
What is 803 + -736 + -1 + -13 + -30?
23
What is (21 - -64) + -110 - 91?
-116
What is the value of (1 - 1) + 1 + -2 - (28 - 120 - -48)?
43
What is (13 - 55) + (-7 - (-21 + -5 + 5))?
-28
What is the value of -8 + -1 - ((80 - 155) + 44)?
22
-576 + 622 + -17 + -1
28
What is the value of 33 + -12 - ((6 - -5) + -17)?
27
Evaluate (34 - 23 - -43) + -5 - -9.
58
Calculate (602 - 572) + (5 - (3 + (-3 - -4))).
31
Calculate (-3 - (-3 + 18)) + (-2526 - -2474).
-70
What is -1 + (10 + -46 + 24 - -12) - 151?
-152
Evaluate -63 + (76 - 11) - (2 + -60).
60
What is (-4 - -8 - 0 - (25 + -25)) + -14?
-10
-39 + 76 - (-3 + 18) - (-83 + 67)
38
What is the value of -54 - -23 - -2 - -25 - 72?
-76
Evaluate -5 + 1 + (16 - 66).
-54
(644 - 669) + (32 - 3)
4
What is the value of (15 - 25) + (61 - -10)?
61
What is 48 + 26 - 49 - 67?
-42
Evaluate 51 + 0 + (866 - 901) + (1 - -2).
19
What is -3530 - -3499 - (-47 + (0 - -2))?
14
Calculate 11 - (1 + -4 + 16 - (17 + 6)).
21
Evaluate 0 + -71 + -36 + 14 - -45.
-48
Calculate -139 + (34 - 135) + 104.
-136
What is 8 + (-1 + 12 - -3 - 4) + 5?
23
What is (-3 + 5 + (-2 - 6) - -20) + (7 - 128)?
-107
What is the value of 126 - (181 + -20 + -70)?
35
What is the value of (-216 - -222) + (-15 - -1) - ((2 - 5) + -119)?
114
Evaluate -2 - (-11 - (8 - (18 + 5))).
-6
What is (1 - -23) + -8 + 3 + -3 + -2?
14
Calculate 40 + -4 + -92 - (5 + -31).
-30
What is 105 - ((6 - (-8 - 3)) + -7 - -1) - -1?
95
Evaluate (52 + 1 - 2) + (13114 - 13120).
45
(0 - -17) + (32 - (-31 - -55)) + -13
12
What is the value of -5 + (76 - 131) + 3?
-57
Evaluate -5 + 8 - (-1 + -48) - (13 + (-24 - -20)).
43
1 + 22 + -103 + (-10 - -26)
-64
Evaluate (-15 - 5 - -7) + 39 + -6.
20
What is the value of (80 - (16 - -5) - -4) + -5?
58
Calculate -44 - ((-35 - 17) + -9).
17
Calculate 233 + -210 + -1 + 1 + 18 + -3 + -1.
37
Evaluate -54 - ((-23 - -53) + -63).
-21
What is the value of (-8 + -8 + 0 + 4 - -28) + -8?
8
What is -21 + (6 - (8 + -14)) - (81 + -2 - 11)?
-77
Evaluate 9 + (124 - 140) + 0 + 1 + 80.
74
Evaluate 20 + 57 + -60 + -57.
-40
What is 9 + 11 + (10 - 3) + (2 - (-2 - -10))?
21
Evaluate 100 + 73 + -207 + 98.
64
What is -22 - (-19 - -7 - -4 - (6 + -5 - 7))?
-20
Evaluate 2222 + -2186 + (0 + 9 - 0).
45
What is 45 + (39 - (-27 - -22) - 41)?
48
Calculate 30 + (-29 + 11 - 18 - -16) + 5.
15
What is (-7 - -18) + -14 + 7 + -18?
-14
What is -64 + -7 + 4 - (-1572 - -1578)?
-73
Evaluate -4 + (9 - (-7 - 2 - (10 + (8 - -93)))).
125
What is (3 - -3 - 10 - (4 + -5)) + 39 - 6?
30
Evaluate (-22 - (-15 + 4)) + (-32 - -14).
-29
Evaluate (62 - (292 + -230)) + (11 - (-1 - 0)).
12
What is 33 - (-5 - ((-2 + -3 - (-1 + 1)) + 13))?
46
What is the value of (9 - -29 - (2 + -2)) + (32 - 9 - 23)?
38
What is -6 + -6 + (28 - 15) + 75 + -8?
68
What is 43 - ((-2 - (-3 - 0)) + 1710 + -1698)?
30
What is (12 - (-49 + 38)) + 16 + (8 - (0 + -2))?
49
Evaluate -128 - (71 - (211 - 81)).
-69
(-10 + -12 - -91 - 4) + (3 - (12 - 6))
62
What is (80 - -46 - 128) + (-1 - 8)?
-11
Evaluate (-7 + (-8 - -30) - -6 - 13) + -76.
-68
(-3 + 3 - -4) + (-28 - 13)
-37
Calculate 39 + -4 - (61 + -4 + -34).
12
What is the value of 1 + (-266 - -245) + (45 - 0)?
25
What is the value of 15 - 113 - (-227 - -249)?
-120
Calculate -4 + 1 + 14 + (-135 - -15) + (-16 - -18).
-107
What is -14 + 38 + -5 - (5 + 8) - -13?
19
Evaluate -5 - (-5 + 13) - (-41 - 2) - 2.
28
Evaluate -57 + 49 - (-14 + 0) - (-27 + -16 + -23).
72
Evaluate -77 + 46 + (-4 - -5).
-30
What is the value of (-12 - (10 - 8)) + (0 - -4) + -9 + 54?
35
Calculate 10 + (3 - 6) - (24 - -2 - (-63 - -51)).
-31
What is -5 + 13 - (-17 + -10 + 56)?
-21
Evaluate 7 + (15 - (-2 + 8)) + (-15 - -18) - -8.
27
What is (-171 - -136 - -28) + (-5 - -4 - 81)?
-89
Evaluate 0 + -8 + 19 + -28 - 15.
-32
Evaluate 25 - (-2 + 80) - (-3 - -35).
-85
What is (11 - -1) + -21 + (-2 - (-8 - -6) - -28)?
19
Evaluate 22 + (-25 - -52 - 77).
-28
Evaluate -1 - (0 - (-27 + -11)) - -25.
-14
What is the value of -108 + 55 + -47 + 58?
-42
What is the value of (-15 - 0) + 4 + (41 - -4) + -48?
-14
Evaluate (-9 - (11 + 0)) + -9 + 1 + 8 - -10.
-10
Evaluate -30 + -13 + 27 - ((-5 - 1) + 0).
-10
What is (-2 - -22) + (67 - 154) - 17?
-84
What is (14 + -14 - (-9 - 0)) + (-4 - -41) + -15?
31
(64 - 6) + -18 + -120
-80
What is (12 - 5) + (-1 - (-2 - 9)) + -33?
-16
(82 - (-21 + (-10 - -55))) + (-14 - -1)
45
(-13 - -30) + (-11 - (7 + -31))
30
What is 37 + (-82 + 25 - -50)?
30
What is -91 - (47 + -105) - -172?
139
Calculate -7 + 9 - ((-510 - -500) + (0 + 1 - -4)).
7
-16 + -14 + 32 + (7 - (5 + 87))
-83
What is the value of (-36 - -17) + -30 - -39?
-10
(-54 - -307 - 99) + -72
82
Calculate -3 + 1 + -16 + 3 + -38 + 146.
93
Evaluate 4 - (-12 + (-1 - (16 + -4)) + 18).
11
What is -84 + 55 - -42 - ((-2 - 0) + 38)?
-23
(3121 - 3098) + (0 - 43)
-20
Evaluate 6 - (17 + -24 - -4 - (-9 + 3)).
3
What is the value of 422 + -325 + -107 - ((2 - (2 + 123)) + 1)?
112
What is 64 + (-17 - (-88 - -61))?
74
Evaluate 1 - 2 - (-1 - 30 - 37 - (-12 - 1)).
54
What is the value of 73 + (85 - 133) + (19 - -1)?
45
What is the value of 4 - 10 - (9 + -17 + 13 + -1 + -6)?
-4
Evaluate -69 - 27 - (5 + (-6 - -17 - 7 - -2)).
-107
What is 918 - 1005 - (-51 - 6)?
-30
What is -38 + (-1 - 1) + (74 - 106) + 23?
-49
(31 - 18 - 19) + (-2 + 2 - 13)
-19
What is the value of -359 + 385 + 20 + -23 + 10?
33
What is (-5 + (-2 - 11 - -25) - 4 - 11) + 53?
45
Calculate -75 + (80 - (51 + -16)).
-30
Evaluate -6 + -54 - (0 + -9) - -23.
-28
Calculate 7 - -1 - (-8 + -2 + 35 + -13 + -25).
21
What is the value of (0 - 3) + (36 - (-60 + 87))?
6
11 - (-15 + -27 + 51)
2
Calculate -9 - (4 + 2 - (-29 - (-95 - -28))).
23
What is -11 - -11 - 38 - (11 - (-13 - -11))?
-51
Evaluate (-6 - (6 - (-20 - -32))) + (-7 - -10 - 3).
0
57 - ((-13 - -1) + -9 + -2 + 8 + 23)
49
Calculate -12 - ((15 - 0) + -119 - -24).
68
Evaluate (1 - (6 + -16 + 40)) + 10 + 1.
-18
(-4 - (7 - (4 + -3))) + 56 + (-32 - 19)
-5
What is the value of 90 + 30 + (-20 - (-15 + (13 - 7)))?
109
What is (9 - 12) + -16 + 9 + (11 - 54 - 4)?
-57
(452 - 487) + -2 + 14
-23
-24 - (-48 + (25 - -26))
-27
What is the value of -3 + (-5 - (-3 + -9) - (92 - 36))?
-52
What is 3852 + -3806 - (0 + 71)?
-25
What is the value of -10 - ((50 - 8) + -57)?
5
What is the value of (74 - 47 - -134) + -65?
96
39 + -13 + 22 - (3 + -2 + -2)
49
What is 79 + (-69 - (27 + 10))?
-27
What is -82 + 0 - -1 - (2 + 45 - (-607 + 641))?
-94
Calculate 26 + 3 + -35 + (-1 + -2 - (-7 + -48)).
46
Calculate -10286 - -10396 - (-1 - -4).
107
Evaluate -24 + -15 - (7 + -82).
36
Evaluate -94 - (-46 - 35) - (-2 + (2 - 61)).
48
What is the value of 49 + 2 + (-249 - -286) + -12 + -2?
74
Evaluate 31 + -1